{"id":663,"date":"2022-07-31T15:15:22","date_gmt":"2022-07-31T22:15:22","guid":{"rendered":"https:\/\/molinos.net\/?page_id=663"},"modified":"2022-08-05T09:36:28","modified_gmt":"2022-08-05T16:36:28","slug":"la-masia-de-el-huergo","status":"publish","type":"page","link":"https:\/\/molinos.net\/?page_id=663","title":{"rendered":"La Mas\u00eda de &#8220;El Huergo&#8221;"},"content":{"rendered":"\n<p class=\"has-primary-color has-text-color has-background has-larger-font-size\" style=\"background-color:#b8ef6c\"><strong>Notas geogr\u00e1ficas.<\/strong><\/p>\n\n\n\n<p class=\"has-primary-color has-text-color has-background has-large-font-size\" style=\"background-color:#b8ef6c\">El Mas o Mas\u00eda del Huergo, situado a orillas del R\u00edo Bord\u00f3n (tambi\u00e9n llamado Regatillo), que es un afluente del Guadalope, pertenece al t\u00e9rmino municipal de Castellote (Teruel). Est\u00e1 a 2 Km de la aldea de Las Planas, de la que forma parte, y pr\u00f3ximo a las mas\u00edas de Perojil y el Mas de Blasco. Su altitud es de unos 640 m sobre el nivel del mar.<\/p>\n\n\n\n<div class=\"wp-block-columns is-layout-flex wp-container-core-columns-is-layout-9d6595d7 wp-block-columns-is-layout-flex\">\n<div class=\"wp-block-column is-layout-flow wp-block-column-is-layout-flow\">\n<figure class=\"wp-block-image size-full\"><img loading=\"lazy\" decoding=\"async\" width=\"600\" height=\"900\" src=\"https:\/\/molinos.net\/wordpress\/wp-content\/uploads\/2022\/07\/HUMA0304.jpg\" alt=\"\" class=\"wp-image-930\" srcset=\"https:\/\/molinos.net\/wordpress\/wp-content\/uploads\/2022\/07\/HUMA0304.jpg 600w, https:\/\/molinos.net\/wordpress\/wp-content\/uploads\/2022\/07\/HUMA0304-200x300.jpg 200w\" sizes=\"auto, (max-width: 600px) 100vw, 600px\" \/><figcaption>Foto de la Mas\u00eda de El Huergo<\/figcaption><\/figure>\n<\/div>\n\n\n\n<div class=\"wp-block-column is-layout-flow wp-block-column-is-layout-flow\">\n<figure class=\"wp-block-image size-full\"><img loading=\"lazy\" decoding=\"async\" width=\"600\" height=\"900\" src=\"https:\/\/molinos.net\/wordpress\/wp-content\/uploads\/2022\/07\/image002.jpg\" alt=\"\" class=\"wp-image-929\" srcset=\"https:\/\/molinos.net\/wordpress\/wp-content\/uploads\/2022\/07\/image002.jpg 600w, https:\/\/molinos.net\/wordpress\/wp-content\/uploads\/2022\/07\/image002-200x300.jpg 200w\" sizes=\"auto, (max-width: 600px) 100vw, 600px\" \/><figcaption>Puente sobre el r\u00edo Bord\u00f3n en las cercan\u00edas del El Huergo<\/figcaption><\/figure>\n<\/div>\n<\/div>\n\n\n\n<p class=\"has-primary-color has-text-color has-background has-large-font-size\" style=\"background-color:#b8ef6c\">El barranco de Valoscuro confluye con el r\u00edo Bord\u00f3n junto a la mas\u00eda, en un punto donde comienza a escarparse el terreno, que es llano en la val que forma la ribera hasta el embalse de Santolea. Cercanas, hay cumbres de algo m\u00e1s de 1000 m de altitud y un territorio monta\u00f1oso, donde se ense\u00f1orea la Sierra de Bord\u00f3n. En \u00e9l se enclavan Las Planas, Los Alagones, Bord\u00f3n y Luco de Bord\u00f3n, los mases de Blasco, de Ricol, Perojil, de Oll\u00e9, de Soler, de la torre Asensio, las casas de Alconzal y Torremocha, rodeando la mas\u00eda. Tambi\u00e9n se ha levantado recientemente, junto al puente de Perojil, un albergue para realizar campamentos de estudio de la naturaleza. El Morr\u00f3n, con sus 1020 m. de altitud, es un magnifico ejemplar de pe\u00f1a recortada por la erosi\u00f3n, que semeja una escultura antropomorfa. Alguien ha dicho que recuerda a un ni\u00f1o con una paloma en la mano. Se divisa majestuoso desde numerosos puntos de la gran extensi\u00f3n de tierra y monta\u00f1a que rodea el pantano de Santolea.<\/p>\n\n\n\n<p class=\"has-primary-color has-text-color has-background has-large-font-size\" style=\"background-color:#b8ef6c\">Los terrenos junto al r\u00edo son ricos para el cultivo y pertenecen al periodo cuaternario aluvial. Son terrenos formados por arena y arcilla. El resto son terciarios con conglomerados, arcillas y areniscas del mioceno y hay un afloramiento mas antiguo de calizas del cret\u00e1cico inferior constituyendo la magn\u00edfica garganta que forma el r\u00edo antes de llegar a la masada. La erosi\u00f3n es muy fuerte y pueden verse, en el barranco de Valoscuro, las pe\u00f1as colgadas emergiendo de un sustrato de arcillas y areniscas, y gran cantidad de rocas desprendidas, modelando un relieve muy pintoresco.<\/p>\n\n\n\n<p class=\"has-primary-color has-text-color has-background has-large-font-size\" style=\"background-color:#b8ef6c\">El clima es extremado, el propio de la regi\u00f3n del Maestrazgo, a la que pertenece. Las temperaturas oscilan entre los 6\u00b0 en invierno y los 25\u00b0 en verano, siendo el promedio anual de 14\u00b0, con unas precipitaciones anuales entre 400 y 500 l\/m2, repartidas principalmente entre la primavera y el oto\u00f1o. Las heladas y el granizo castigan en ocasiones las cosechas, y en invierno las precipitaciones en forma de nieve son frecuentes. Se han observado hasta siete u ocho d\u00edas con nevada alg\u00fan invierno.<\/p>\n\n\n\n<p class=\"has-primary-color has-text-color has-background has-larger-font-size\" style=\"background-color:#b8ef6c\">La econom\u00eda.<\/p>\n\n\n\n<p class=\"has-primary-color has-text-color has-background has-large-font-size\" style=\"background-color:#b8ef6c\">El Huergo, es un mas o masada. El t\u00e9rmino mas &#8211; del lat\u00edn mansus \u2013 significa un establecimiento agr\u00edcola que surge como entidad durante el siglo XII y XIII, si no antes, como forma de explotaci\u00f3n agropecuaria. Pero su difusi\u00f3n se produce con la evoluci\u00f3n demogr\u00e1fica y agr\u00edcola del siglo XVI y principalmente del XIX.<\/p>\n\n\n\n<p class=\"has-primary-color has-text-color has-background has-large-font-size\" style=\"background-color:#b8ef6c\">Se cultivan el cereal, la vid, el olivo, las legumbres y los frutales. Se cr\u00edan tambi\u00e9n numerosas carrascas y pinos. Los vinos, elaborados actualmente por las bodegas Borraz, en Las Planas, son de gran calidad y muy demandados por los consumidores. All\u00ed han instalado una planta elaboradora y embotelladora que distribuye la producci\u00f3n a muchos puntos de Espa\u00f1a, en especial a Catalu\u00f1a. En los \u00faltimos a\u00f1os, se han plantado nuevas vi\u00f1as y revitalizado las viejas. Aun se conservan en algunas casas de Las Planas los \u00fatiles para la elaboraci\u00f3n y almacenado del vino: prensas, cubas, toneles. Con ellos, a la antigua usanza, extraen de las uvas y conservan unos magn\u00edficos caldos para el consumo familiar. Algunos olivares tambi\u00e9n verdean en el t\u00e9rmino de la poblaci\u00f3n. Ya no se utiliza el viejo molino de aceite del G\u00fcergo que tuvo gran actividad en la primera mitad del siglo XX. En \u00e9l se hacia la molturaci\u00f3n \u201cen frio\u201d. El aceite que se produce en Las Planas y el Huego, ha sido siempre muy apreciado.<\/p>\n\n\n\n<p class=\"has-background-color has-text-color\" id=\"retorno1\"> <\/p>\n\n\n\n<p class=\"has-primary-color has-text-color has-background has-large-font-size\" style=\"background-color:#b8ef6c\">La morera, para alimentaci\u00f3n del gusano de seda, fue de gran importancia antiguamente, habiendo sido la producci\u00f3n de seda uno de los pilares de la econom\u00eda, junto a la agricultura y la ganader\u00eda lanar.<a href=\"#uno\"><sup>1<\/sup> <\/a>Existe una antigua leyenda que cuentan los mayores de la familia sobre la localizaci\u00f3n de una cantidad indeterminada de onzas de oro que el \u201cabuelo\u201d Blas escondi\u00f3 en la mas\u00eda o alrededores, y que hab\u00eda sido obtenida con la venta de la seda en un a\u00f1o de excelente cosecha. La cantidad bien pudiera ser de cien onzas.<\/p>\n\n\n\n<p class=\"has-primary-color has-text-color has-background has-large-font-size\" style=\"background-color:#b8ef6c\">Los animales dom\u00e9sticos tuvieron gran importancia en el pasado, sobre todo los dedicados al trabajo del campo. La matanza del toro y del cerdo constitu\u00eda una fiesta familiar. Todos los miembros de la familia se reun\u00edan y participaban en el trabajo de elaboraci\u00f3n de los embutidos y derivados del animal sacrificado, desde los ancianos a los ni\u00f1os. Para el \u201cmatatoro\u201d y \u201cmatacerdo\u201d, se hac\u00eda en aquellos tiempos una gran comida. De Calanda se tra\u00edan c\u00e1ntaros de leche, blancos con adornos, y se hacia una exquisita \u201ccuajada\u201d de postre para acompa\u00f1ar las alb\u00f3ndigas y las pastas caseras, que eran los otros platos base de la suculenta comida. Alg\u00fan a\u00f1o se contaron hasta 21 mujeres en la cocina.<\/p>\n\n\n\n<p class=\"has-primary-color has-text-color has-background has-large-font-size\" style=\"background-color:#b8ef6c\">El trato de caballer\u00edas fue una actividad frecuente en otras \u00e9pocas y \u00e9stas eran muy valoradas. Siempre hubo buenos ejemplares en el Mas y nuestros antepasados ten\u00edan gran conocimiento de las cualidades de los animales para el trabajo, la carga o el transporte. Unas 20 caballer\u00edas ten\u00eda la mas\u00eda del Huergo. A finales del siglo XIX y principios del XX, se pagaban unos 300 duros por los mejores pares de caballer\u00edas del pa\u00eds, pero por un par del abuelo Blas, se llegaron a pagar 500 duros. Tambi\u00e9n se cuidaban toros y vacas. En las fiestas, se toreaba uno de los toros atado a una cuerda para el disfrute de la peque\u00f1a comunidad masovera.<\/p>\n\n\n\n<p class=\"has-primary-color has-text-color has-background has-large-font-size\" style=\"background-color:#b8ef6c\">Adem\u00e1s de la econom\u00eda agr\u00edcola y ganadera, se desarroll\u00f3 una importante actividad comercial con todos los pueblos y mas\u00edas de alrededor. Los productos del campo y el ganado, se prestaban o se vend\u00edan a otros labradores o comerciantes. Existe un antiguo libro de cuentas que tiene Carmen Mart\u00edn, en el que se detallan las transacciones a lo largo del siglo XIX y parte del XX que realizaron Blas Mart\u00edn Espallargas y su hijo Manuel Mart\u00edn. Se prestaba dinero (duros, reales de vell\u00f3n, pesetas), barcillas <a href=\"#dos\"><sup><code>2<\/code><\/sup> <\/a>o cuartales de trigo, panizo o avena, medias arrobas de aceite, almudes de jud\u00edas, c\u00e1ntaros o reales de vino, cerdas de cr\u00eda, ganado en general, semillas, etc. Incluso trabajo, como por ejemplo: d\u00edas de labrar o trillar. Gente de toda la comarca, acud\u00edan a la casa en los a\u00f1os de escasez para concertar pr\u00e9stamos en dinero o especies.<\/p>\n\n\n\n<p class=\"has-primary-color has-text-color has-background has-large-font-size\" style=\"background-color:#b8ef6c\">La buena organizaci\u00f3n econ\u00f3mica y la amplia hacienda en que se sustentaba le permit\u00edan hacer frente a sus necesidades y a las de sus convecinos, familiares y amigos. Podr\u00eda decirse que exist\u00eda una peque\u00f1a entidad bancaria en la mas\u00eda.<\/p>\n\n\n\n<p class=\"has-primary-color has-text-color has-background has-large-font-size\" style=\"background-color:#b8ef6c\">La construcci\u00f3n del tunel de Castellote, perforado el d\u00eda 4 de Agosto de 1899 e inaugurado el 15 de octubre de 1899, y del Pantano de Santolea, que se inaugur\u00f3 el 10 de Octubre de 1926 y se concluy\u00f3 a los sete a\u00f1os y medio, fueron los dos hitos mas destacados en la vida econ\u00f3mica de toda la comarca. El tunel abri\u00f3 una v\u00eda c\u00f3moda de comunicaci\u00f3n con las ricas tierras del Bajo Arag\u00f3n, que favoreci\u00f3 a\u00f1os mas tarde la emigraci\u00f3n de sus habitantes. Las obras de la presa del pantano trajeron abundancia en los a\u00f1os de su construcci\u00f3n, pero la riqueza del agua beneficio a otros pueblos de la cuenca y con ella se fueron una parte de los antiguos moradores de aquella tierra. A\u00f1os mas tarde, de 1961 a 1967, se construy\u00f3 el puente de Perojil sobre el rio Regatillo bajo los auspicios del castellotano D. Agust\u00edn Plana Sancho. Esta importante mejora en la carretera de Alca\u00f1iz a Cantavieja, favoreci\u00f3 el que no se perdiera el v\u00ednculo con estos lugares de sus gentes emigradas. Temporalmente, en fines de semana o vacaciones, regresan no solamente para pasar unos d\u00edas de descanso, sino para trabajar los campos y construir unas ricas viviendas.<\/p>\n\n\n<div class=\"wp-block-image\">\n<figure class=\"aligncenter size-full\"><img loading=\"lazy\" decoding=\"async\" width=\"666\" height=\"864\" src=\"https:\/\/molinos.net\/wordpress\/wp-content\/uploads\/2022\/07\/Tunel-de-Castellote.jpg\" alt=\"\" class=\"wp-image-928\" srcset=\"https:\/\/molinos.net\/wordpress\/wp-content\/uploads\/2022\/07\/Tunel-de-Castellote.jpg 666w, https:\/\/molinos.net\/wordpress\/wp-content\/uploads\/2022\/07\/Tunel-de-Castellote-231x300.jpg 231w\" sizes=\"auto, (max-width: 666px) 100vw, 666px\" \/><figcaption>Foto: Inauguraci\u00f3n del tunel de Castellote en 1899. <br>(Esta foto es de la colecci\u00f3n de D. Miguel Perdiguer Aguilar).<\/figcaption><\/figure>\n<\/div>\n\n\n<p class=\"has-primary-color has-text-color has-background has-larger-font-size\" style=\"background-color:#b8ef6c\"><strong>Demograf\u00eda.<\/strong><\/p>\n\n\n\n<p class=\"has-primary-color has-text-color has-background has-large-font-size\" style=\"background-color:#b8ef6c\">Hoy en d\u00eda El G\u00fcergo, al igual que su vecino el Mas de Blasco, est\u00e1n deshabitados pero en los a\u00f1os de 1920 a 1930 llegaron a vivir en la mas\u00eda unas 30 personas. Las Planas, que es donde se empadronan sus moradores, ten\u00eda alrededor de 150 habitantes y 60 edificios en 1910, y en 1982, tan solo quedaban 88 vecinos.<a href=\"#tres\"> <sup>3 <\/sup><\/a>Hoy viven en Las Planas unas 8 o 10 personas durante todo el a\u00f1o, pero en verano la poblaci\u00f3n aumenta considerablemente. El gran cari\u00f1o que los emigrantes tienen por su patria chica, unida a la pujanza econ\u00f3mica que han adquirido en Catalu\u00f1a o que les lleg\u00f3 con el gordo de la loter\u00eda de 1983, han transformado el pueblo, que ahora tiene pistas deportivas, front\u00f3n, local social, tentadero, estupenda pavimentaci\u00f3n, la Iglesia de San Marcos hermoseada y unas casas renovadas con toda clase de comodidades. Alguna, como casa Borraz &#8211; Mart\u00edn, incluso con piscina, front\u00f3n y pista de tenis propias.<\/p>\n\n\n\n<p class=\"has-primary-color has-text-color has-background has-larger-font-size\" style=\"background-color:#b8ef6c\"><strong>Flora y fauna.<\/strong><\/p>\n\n\n\n<p class=\"has-primary-color has-text-color has-background has-large-font-size\" style=\"background-color:#b8ef6c\">La regi\u00f3n es rica en flora y fauna. La abundancia del agua de los r\u00edos y el terreno escarpado son unas condiciones id\u00f3neas para el desarrollo de las especies. Ya se ha destacado la abundancia de plantas arom\u00e1ticas, as\u00ed como de carrascas, pinos y encinas, acompa\u00f1ados de coscoja. Tambi\u00e9n se pueden ver la sabina, el enebro, el lentisco, las aliagas y otros arbustos, algunos formando parte del sotobosque. La humedad presente al borde de los r\u00edos permite que se desarrolle una vegetaci\u00f3n rip\u00edcola, en la que destacan los chopos, las ca\u00f1as, las zarzamoras y los sauces (sarga o mimbres), tambi\u00e9n el carrizo y los juncos. Entre las variedades de setas, se encuentra el robell\u00f3n, la seta de cardo o los pebrazos junto a las carrascas, que se ven aparecer en a\u00f1os de clima h\u00famedo y soleado.<\/p>\n\n\n\n<p class=\"has-primary-color has-text-color has-background has-large-font-size\" style=\"background-color:#b8ef6c\">Perdices, codornices, gorriones, alondras, ruise\u00f1ores, entre otras especies, forman parte de la rica fauna del terreno. Tambi\u00e9n, entre las aves, se pueden ver las t\u00f3rtolas, palomas torcaces o abubillas, y el b\u00faho, el mochuelo y la lechuza, que son aves nocturnas. La cercan\u00eda de los riscos del pantano de Santolea da cobijo a los nidos de las rapaces, como el \u00e1guila, el halc\u00f3n peregrino o el milano; y a las necr\u00f3filas, destacando el buitre leonado. Entre los mam\u00edferos, abundan numerosos roedores, el conejo y la liebre, el zorro y el jabal\u00ed. En la actualidad hay en los alrededores de Castellote gran cantidad de cabras montesas. A veces se acercan incluso a la poblaci\u00f3n y puede v\u00e9rselas f\u00e1cilmente. Este fen\u00f3meno faun\u00edstico, se ha producido en la \u00faltima d\u00e9cada como consecuencia de la repoblaci\u00f3n y protecci\u00f3n que han llevado a cabo los organismos de protecci\u00f3n de la naturaleza.<\/p>\n\n\n\n<p class=\"has-primary-color has-text-color has-background has-larger-font-size\" style=\"background-color:#b8ef6c\"><strong>NOTAS<\/strong><\/p>\n\n\n\n<p class=\"has-background-color has-text-color\" id=\"uno\"> <\/p>\n\n\n\n<p class=\"has-primary-color has-text-color has-background has-large-font-size\" style=\"background-color:#b8ef6c\"><sup>1<\/sup> Ignacio de Asso. <em>Historia de la econom\u00eda pol\u00edtica de Arag\u00f3n<\/em>. 1798. Zaragoza. \u201cLa seda que conserva la primac\u00eda de entre las del partido de Alca\u00f1iz, es la que se cr\u00eda en Mas de las Matas, Castellote, Aguaviva, Foz Calanda y Oliete.\u201d \u201cLa morera se planta regularmente en las m\u00e1rgenes de los campos, y su cultivo es tan poco dispendioso, que todo el se reduce a podarlas y regarlas cuando se riegan las semillas que se siembran en la heredad a que hacen lado.\u201d \u201cPor cada morera, resultan 30 o 32 reales de plata libres de todo gasto\u201d. <\/p>\n\n\n\n<a a=\"\" href=\"javascript:history.back()\"><img loading=\"lazy\" decoding=\"async\" src=\"https:\/\/molinos.net\/wordpress\/wp-content\/uploads\/2022\/07\/boton.jpg\" height=\"8\" width=\"40\" alt=\"VOLVER\" <=\"\" a=\"\"><\/a>\n\n\n\n<p class=\"has-background-color has-text-color\" id=\"dos\"> <\/p>\n\n\n\n<p class=\"has-primary-color has-text-color has-background has-large-font-size\" style=\"background-color:#b8ef6c\"><sup>2<\/sup> Barcella o barchilla. Medida de capacidad para \u00e1ridos usada en Valencia, Baleares y la comarca de Tortosa.. (En Baleares y Tortosa, vale 11,72 l. En Castell\u00f3n de la Plana, 16,6 l. En Valencia 16,5 l. En Alicante, 20,7 l.).<\/p>\n\n\n\n<a a=\"\" href=\"javascript:history.back()\"><img loading=\"lazy\" decoding=\"async\" src=\"https:\/\/molinos.net\/wordpress\/wp-content\/uploads\/2022\/07\/boton.jpg\" height=\"8\" width=\"40\" alt=\"VOLVER\" <=\"\" a=\"\"><\/a>\n\n\n\n<p class=\"has-background-color has-text-color\" id=\"tres\"> <\/p>\n\n\n\n<p class=\"has-primary-color has-text-color has-background has-large-font-size\" style=\"background-color:#b8ef6c\"><sup>3<\/sup> Castellote (pueblo) ten\u00eda a principios del siglo XIX 444 edificios y 1232 habitantes; Abenfigo, 193 hab.; Las Planas, 151 hab.; el caser\u00edo del Alconzal, 12 edificios y 33 hab. Adem\u00e1s, diseminados en el t\u00e9rmino de Castellote hab\u00eda 208 edificios con 477 hab. El total eran 2086 personas que viv\u00edan en el t\u00e9rmino municipal, seg\u00fan la <em>Enciclopedia Universal Ilustrada<\/em>. Espasa-Calpe. (En 1970, en Las Planas hab\u00eda 88 hab., y en Los Alagones, 6 hab.). Seg\u00fan el diccionario de Pascual Madoz en 1857, Castellote figuraba con 2035 hab. (422 vecinos y 1688 almas) y 300 casas. En 1970 el censo le daba tan s\u00f3lo 867 habitantes.<\/p>\n\n\n\n<a href=\"javascript:history.back()\"><img loading=\"lazy\" decoding=\"async\" src=\"https:\/\/molinos.net\/wordpress\/wp-content\/uploads\/2022\/07\/boton.jpg\" height=\"8\" width=\"40\" alt=\"VOLVER\" <=\"\" a=\"\"><\/a>\n\n\n\n<p class=\"has-primary-color has-text-color has-background has-large-font-size\" style=\"background-color:#b8ef6c\">Enlaces: <a href=\"https:\/\/es.wikipedia.org\/wiki\/Las_Planas_de_Castellote\">Las Planas de Castellote &#8211; Wikipedia, la enciclopedia libre<\/a><\/p>\n","protected":false},"excerpt":{"rendered":"<p>Notas geogr\u00e1ficas. El Mas o Mas\u00eda del Huergo, situado a orillas del R\u00edo Bord\u00f3n (tambi\u00e9n llamado Regatillo), que es un afluente del Guadalope, pertenece al t\u00e9rmino municipal de Castellote (Teruel). Est\u00e1 a 2 Km de la aldea de Las Planas, de la que forma parte, y pr\u00f3ximo a las mas\u00edas de Perojil y el Mas [&hellip;]<\/p>\n","protected":false},"author":3,"featured_media":0,"parent":0,"menu_order":0,"comment_status":"closed","ping_status":"closed","template":"templates\/template-full-width.php","meta":{"footnotes":""},"class_list":["post-663","page","type-page","status-publish","hentry"],"_links":{"self":[{"href":"https:\/\/molinos.net\/index.php?rest_route=\/wp\/v2\/pages\/663","targetHints":{"allow":["GET"]}}],"collection":[{"href":"https:\/\/molinos.net\/index.php?rest_route=\/wp\/v2\/pages"}],"about":[{"href":"https:\/\/molinos.net\/index.php?rest_route=\/wp\/v2\/types\/page"}],"author":[{"embeddable":true,"href":"https:\/\/molinos.net\/index.php?rest_route=\/wp\/v2\/users\/3"}],"replies":[{"embeddable":true,"href":"https:\/\/molinos.net\/index.php?rest_route=%2Fwp%2Fv2%2Fcomments&post=663"}],"version-history":[{"count":44,"href":"https:\/\/molinos.net\/index.php?rest_route=\/wp\/v2\/pages\/663\/revisions"}],"predecessor-version":[{"id":1012,"href":"https:\/\/molinos.net\/index.php?rest_route=\/wp\/v2\/pages\/663\/revisions\/1012"}],"wp:attachment":[{"href":"https:\/\/molinos.net\/index.php?rest_route=%2Fwp%2Fv2%2Fmedia&parent=663"}],"curies":[{"name":"wp","href":"https:\/\/api.w.org\/{rel}","templated":true}]}}